{"id":2459,"date":"2023-09-19T23:20:16","date_gmt":"2023-09-19T23:20:16","guid":{"rendered":"https:\/\/manuelaaresnovias.com\/?page_id=2459"},"modified":"2023-09-19T23:20:16","modified_gmt":"2023-09-19T23:20:16","slug":"aviso-legal","status":"publish","type":"page","link":"https:\/\/manuelaaresnovias.com\/?page_id=2459","title":{"rendered":"Aviso Legal"},"content":{"rendered":"\n<p>MANUELA ARES D\u00cdAZ es titular del sitio web&nbsp;<a href=\"https:\/\/old.manuelaaresnovias.com\/\">www.manuelaaresnovias.com<\/a><\/p>\n\n\n\n<p><strong>1) DATOS IDENTIFICATIVOS:<\/strong><\/p>\n\n\n\n<p>En cumplimiento con el deber de informaci\u00f3n recogido en art\u00edculo 10 de la Ley 34\/2002, de 11 de julio, de Servicios de la Sociedad de la Informaci\u00f3n y del Comercio Electr\u00f3nico, a continuaci\u00f3n, se reflejan los siguientes datos:<\/p>\n\n\n\n<p>La empresa titular de este sitio web es:<\/p>\n\n\n\n<p><strong>RAZ\u00d3N SOCIAL:<\/strong>&nbsp;MANUELA ARES D\u00cdAZ<br><strong>NIF\/CIF:<\/strong>&nbsp;76571817X<br><strong>DOMICILIO SOCIAL:<\/strong>&nbsp;C\/ Pl\u00e1cido Pe\u00f1a, 31 Bajo \u2013 27800 Villalba (Lugo)<br><strong>E-MAIL:<\/strong>&nbsp;<a href=\"mailto:manuelaaresnovias@gmail.com\">manuelaaresnovias@gmail.com<\/a><br><strong>REGISTRO MERCANTIL:<\/strong>&nbsp;Empresa inscrita en el Registro Mercantil de&nbsp;<em>&nbsp;en el Tomo<\/em>&nbsp;del Archivo, Secci\u00f3n General, Folio&nbsp;<em>, Hoja N\u00ba&nbsp;<\/em>, Inscripci\u00f3n<\/p>\n\n\n\n<p><strong>2) USUARIOS:<\/strong><\/p>\n\n\n\n<p>El acceso y\/o uso de los portales de MANUELA ARES D\u00cdAZ atribuye la condici\u00f3n de USUARIO, que acepta, desde dicho acceso y\/o uso, las Condiciones Generales de Uso aqu\u00ed reflejadas. Las citadas Condiciones ser\u00e1n de aplicaci\u00f3n independientemente de las Condiciones Generales de Contrataci\u00f3n que en su caso resulten de obligado cumplimiento.<br>USO DEL PORTAL: El sitio web&nbsp;<a href=\"https:\/\/old.manuelaaresnovias.com\/\">www.manuelaaresnovias.com<\/a>&nbsp;proporciona el acceso a multitud de informaciones, servicios, etc. (en adelante, \u00ablos contenidos\u00bb) en Internet pertenecientes a MANUELA ARES D\u00cdAZ, o a sus proveedores a los que el USUARIO pueda tener acceso.<br>El USUARIO asume la responsabilidad del uso de la p\u00e1gina web. Dicha responsabilidad se extiende al registro que fuese necesario para acceder a determinados servicios o contenidos o consultas. En dicho registro el USUARIO ser\u00e1 responsable de aportar informaci\u00f3n veraz y l\u00edcita. Como consecuencia de este registro, al USUARIO se le puede proporcionar una contrase\u00f1a sobre la que ser\u00e1 responsable, comprometi\u00e9ndose a hacer un uso diligente y confidencial de la misma.<br>El USUARIO se compromete a hacer un uso adecuado de los contenidos y servicios que MANUELA ARES D\u00cdAZ ofrece a trav\u00e9s de su sitio web y con car\u00e1cter enunciativo pero no limitativo, a no emplearlos para:<\/p>\n\n\n\n<p>(i) incurrir en actividades il\u00edcitas, ilegales o contrarias a la buena fe y al orden p\u00fablico;<\/p>\n\n\n\n<p>(ii) difundir contenidos o propaganda de car\u00e1cter racista, xen\u00f3fobo, pornogr\u00e1fico-ilegal, de apolog\u00eda del terrorismo o atentatorio contra los derechos humanos;<\/p>\n\n\n\n<p>(iii) provocar da\u00f1os en los sistemas f\u00edsicos y l\u00f3gicos de MANUELA ARES D\u00cdAZ, de sus proveedores o de terceras personas, introducir o difundir en la red virus inform\u00e1ticos o cualesquiera otros sistemas f\u00edsicos o l\u00f3gicos que sean susceptibles de provocar los da\u00f1os anteriormente mencionados;<\/p>\n\n\n\n<p>(iv) intentar acceder y, en su caso, utilizar las cuentas de correo electr\u00f3nico de otros usuarios y modificar o manipular sus mensajes. En cualquier caso MANUELA ARES D\u00cdAZ no ser\u00e1 responsable de las opiniones vertidas por los usuarios a trav\u00e9s de los foros, chats, redes sociales u otras herramientas de participaci\u00f3n.<\/p>\n\n\n\n<p><strong>PROPIEDAD INTELECTUAL E INDUSTRIAL:<\/strong><\/p>\n\n\n\n<p>MANUELA ARES D\u00cdAZ por s\u00ed o como cesionaria, es titular de todos los derechos de propiedad intelectual e industrial de sus p\u00e1ginas webs, as\u00ed como de los elementos contenidos en el mismo (im\u00e1genes, sonido, audio, v\u00eddeo, software o textos; marcas o logotipos, combinaciones de colores, estructura y dise\u00f1o, selecci\u00f3n de materiales usados, programas de ordenador necesarios para su funcionamiento, acceso y uso, etc.), titularidad de MANUELA ARES D\u00cdAZ o bien de sus proveedores.<\/p>\n\n\n\n<p>El USUARIO se compromete a respetar los derechos de Propiedad Intelectual e Industrial titularidad de MANUELA ARES D\u00cdAZ. Podr\u00e1 visualizar los elementos de las diferentes websites e incluso imprimirlos, copiarlos y almacenarlos en el disco duro de su ordenador o en cualquier otro soporte f\u00edsico siempre y cuando sea, \u00fanica y exclusivamente, para su uso personal y privado, quedando, por tanto, terminantemente prohibida la transformaci\u00f3n, distribuci\u00f3n, comunicaci\u00f3n p\u00fablica, puesta a disposici\u00f3n o cualquier otra forma de explotaci\u00f3n, as\u00ed como su modificaci\u00f3n, alteraci\u00f3n o descompilaci\u00f3n. El USUARIO deber\u00e1 abstenerse de suprimir, alterar, eludir o manipular cualquier dispositivo de protecci\u00f3n o sistema de seguridad que estuviera instalado en la p\u00e1gina de MANUELA ARES D\u00cdAZ.<br>EXCLUSI\u00d3N DE GARANT\u00cdAS Y RESPONSABILIDAD: MANUELA ARES D\u00cdAZ no se hace responsable, en ning\u00fan caso, de los da\u00f1os y perjuicios de cualquier naturaleza que pudieran ocasionar, a t\u00edtulo enunciativo: errores u omisiones en los contenidos, falta de disponibilidad del portal o la transmisi\u00f3n de virus o programas maliciosos o lesivos en los contenidos, a pesar de haber adoptado todas las medidas tecnol\u00f3gicas necesarias para evitarlo.<\/p>\n\n\n\n<p><strong>3) MODIFICACIONES:<\/strong><\/p>\n\n\n\n<p>MANUELA ARES D\u00cdAZ se reserva el derecho de efectuar sin previo aviso las modificaciones que considere oportunas en su web, pudiendo cambiar, suprimir o a\u00f1adir tanto los contenidos y servicios que se presten a trav\u00e9s de la misma como la forma en la que \u00e9stos aparezcan presentados o localizados en su web.<\/p>\n\n\n\n<p><strong>4) EMPLEO DE COOKIES:<\/strong><\/p>\n\n\n\n<p>MANUELA ARES D\u00cdAZ podr\u00e1 utilizar cookies para personalizar y facilitar al m\u00e1ximo la navegaci\u00f3n del USUARIO por su p\u00e1gina web. Las cookies se asocian \u00fanicamente a un USUARIO an\u00f3nimo y su ordenador y no proporcionan referencias que permitan deducir datos personales del USUARIO. El USUARIO podr\u00e1 configurar su navegador para que notifique y rechace la instalaci\u00f3n de las cookies enviadas por MANUELA ARES D\u00cdAZ sin que ello perjudique la posibilidad del USUARIO de acceder a los Contenidos.<br><strong><\/strong><\/p>\n\n\n\n<p><strong>5) ENLACES:<\/strong><\/p>\n\n\n\n<p>En el caso de que desde el sitio web se pueda enlazar mediante hiperv\u00ednculos a otros sitios de Internet, MANUELA ARES D\u00cdAZ no ejercer\u00e1 ning\u00fan tipo de control sobre dichos sitios y contenidos. En ning\u00fan caso MANUELA ARES D\u00cdAZ asumir\u00e1 responsabilidad alguna por los contenidos de alg\u00fan enlace perteneciente a un sitio web ajeno, ni garantizar\u00e1 la disponibilidad t\u00e9cnica, calidad, fiabilidad, exactitud, amplitud, veracidad, validez y constitucionalidad de cualquier material o informaci\u00f3n contenida en ninguno de dichos hiperv\u00ednculos u otros sitios de Internet. Igualmente, la inclusi\u00f3n de estas conexiones externas no implicar\u00e1 ning\u00fan tipo de asociaci\u00f3n, fusi\u00f3n o participaci\u00f3n con las entidades conectadas.<\/p>\n\n\n\n<p><strong>6) MODIFICACI\u00d3N DE LAS PRESENTES CONDICIONES Y DURACI\u00d3N<\/strong>:<\/p>\n\n\n\n<p>MANUELA ARES D\u00cdAZ podr\u00e1 modificar en cualquier momento las condiciones aqu\u00ed determinadas, siendo debidamente publicadas como aqu\u00ed aparecen. La vigencia de las citadas condiciones ir\u00e1 en funci\u00f3n de su exposici\u00f3n y estar\u00e1n vigentes hasta que sean modificadas por otras debidamente publicadas.<\/p>\n\n\n\n<p><strong>7) LEGISLACI\u00d3N APLICABLE Y JURISDICCI\u00d3N:<\/strong><\/p>\n\n\n\n<p>La relaci\u00f3n entre MANUELA ARES D\u00cdAZ y el USUARIO se regir\u00e1 por la normativa espa\u00f1ola vigente y cualquier controversia se someter\u00e1 a los Juzgados y Tribunales de la ciudad de Lugo.<\/p>\n","protected":false},"excerpt":{"rendered":"<p>MANUELA ARES D\u00cdAZ es titular del sitio web&nbsp;www.manuelaaresnovias.com 1) DATOS IDENTIFICATIVOS: En cumplimiento con el deber de informaci\u00f3n recogido en art\u00edculo 10 de la Ley 34\/2002, de 11 de julio, de Servicios de la Sociedad de la Informaci\u00f3n y del Comercio Electr\u00f3nico, a continuaci\u00f3n, se reflejan los siguientes datos: La empresa titular de este sitio [&hellip;]<\/p>\n","protected":false},"author":1,"featured_media":0,"parent":0,"menu_order":0,"comment_status":"closed","ping_status":"closed","template":"","meta":{"footnotes":""},"class_list":["post-2459","page","type-page","status-publish","hentry"],"yoast_head":"<!-- This site is optimized with the Yoast SEO plugin v27.1.1 - https:\/\/yoast.com\/product\/yoast-seo-wordpress\/ -->\n<title>Aviso Legal - Manuela Ares Novias<\/title>\n<meta name=\"robots\" content=\"index, follow, max-snippet:-1, max-image-preview:large, max-video-preview:-1\" \/>\n<link rel=\"canonical\" href=\"https:\/\/manuelaaresnovias.com\/?page_id=2459\" \/>\n<meta property=\"og:locale\" content=\"es_ES\" \/>\n<meta property=\"og:type\" content=\"article\" \/>\n<meta property=\"og:title\" content=\"Aviso Legal - Manuela Ares Novias\" \/>\n<meta property=\"og:description\" content=\"MANUELA ARES D\u00cdAZ es titular del sitio web&nbsp;www.manuelaaresnovias.com 1) DATOS IDENTIFICATIVOS: En cumplimiento con el deber de informaci\u00f3n recogido en art\u00edculo 10 de la Ley 34\/2002, de 11 de julio, de Servicios de la Sociedad de la Informaci\u00f3n y del Comercio Electr\u00f3nico, a continuaci\u00f3n, se reflejan los siguientes datos: La empresa titular de este sitio [&hellip;]\" \/>\n<meta property=\"og:url\" content=\"https:\/\/manuelaaresnovias.com\/?page_id=2459\" \/>\n<meta property=\"og:site_name\" content=\"Manuela Ares Novias\" \/>\n<meta property=\"article:publisher\" content=\"https:\/\/www.facebook.com\/profile.php?id=100063573311079\" \/>\n<meta property=\"og:image\" content=\"https:\/\/manuelaaresnovias.com\/wp-content\/uploads\/manuela-ares-novia-2024.jpg\" \/>\n\t<meta property=\"og:image:width\" content=\"1200\" \/>\n\t<meta property=\"og:image:height\" content=\"675\" \/>\n\t<meta property=\"og:image:type\" content=\"image\/jpeg\" \/>\n<meta name=\"twitter:card\" content=\"summary_large_image\" \/>\n<meta name=\"twitter:label1\" content=\"Tiempo de lectura\" \/>\n\t<meta name=\"twitter:data1\" content=\"6 minutos\" \/>\n<script type=\"application\/ld+json\" class=\"yoast-schema-graph\">{\"@context\":\"https:\/\/schema.org\",\"@graph\":[{\"@type\":\"WebPage\",\"@id\":\"https:\/\/manuelaaresnovias.com\/?page_id=2459\",\"url\":\"https:\/\/manuelaaresnovias.com\/?page_id=2459\",\"name\":\"Aviso Legal - Manuela Ares Novias\",\"isPartOf\":{\"@id\":\"https:\/\/manuelaaresnovias.com\/#website\"},\"datePublished\":\"2023-09-19T23:20:16+00:00\",\"breadcrumb\":{\"@id\":\"https:\/\/manuelaaresnovias.com\/?page_id=2459#breadcrumb\"},\"inLanguage\":\"es\",\"potentialAction\":[{\"@type\":\"ReadAction\",\"target\":[\"https:\/\/manuelaaresnovias.com\/?page_id=2459\"]}]},{\"@type\":\"BreadcrumbList\",\"@id\":\"https:\/\/manuelaaresnovias.com\/?page_id=2459#breadcrumb\",\"itemListElement\":[{\"@type\":\"ListItem\",\"position\":1,\"name\":\"Portada\",\"item\":\"https:\/\/manuelaaresnovias.com\/\"},{\"@type\":\"ListItem\",\"position\":2,\"name\":\"Aviso Legal\"}]},{\"@type\":\"WebSite\",\"@id\":\"https:\/\/manuelaaresnovias.com\/#website\",\"url\":\"https:\/\/manuelaaresnovias.com\/\",\"name\":\"Manuela Ares Novias\",\"description\":\"Vestidos de novias, comuni\u00f3n y ceremonia en Lugo\",\"publisher\":{\"@id\":\"https:\/\/manuelaaresnovias.com\/#organization\"},\"potentialAction\":[{\"@type\":\"SearchAction\",\"target\":{\"@type\":\"EntryPoint\",\"urlTemplate\":\"https:\/\/manuelaaresnovias.com\/?s={search_term_string}\"},\"query-input\":{\"@type\":\"PropertyValueSpecification\",\"valueRequired\":true,\"valueName\":\"search_term_string\"}}],\"inLanguage\":\"es\"},{\"@type\":\"Organization\",\"@id\":\"https:\/\/manuelaaresnovias.com\/#organization\",\"name\":\"Manuela Ares Novias\",\"url\":\"https:\/\/manuelaaresnovias.com\/\",\"logo\":{\"@type\":\"ImageObject\",\"inLanguage\":\"es\",\"@id\":\"https:\/\/manuelaaresnovias.com\/#\/schema\/logo\/image\/\",\"url\":\"https:\/\/manuelaaresnovias.com\/wp-content\/uploads\/logo-manuela-ares.png\",\"contentUrl\":\"https:\/\/manuelaaresnovias.com\/wp-content\/uploads\/logo-manuela-ares.png\",\"width\":213,\"height\":50,\"caption\":\"Manuela Ares Novias\"},\"image\":{\"@id\":\"https:\/\/manuelaaresnovias.com\/#\/schema\/logo\/image\/\"},\"sameAs\":[\"https:\/\/www.facebook.com\/profile.php?id=100063573311079\",\"https:\/\/www.instagram.com\/manuelaaresnovias\/\",\"https:\/\/maps.app.goo.gl\/AUbGLmkxvfZ2wTM76\"]}]}<\/script>\n<!-- \/ Yoast SEO plugin. -->","yoast_head_json":{"title":"Aviso Legal - Manuela Ares Novias","robots":{"index":"index","follow":"follow","max-snippet":"max-snippet:-1","max-image-preview":"max-image-preview:large","max-video-preview":"max-video-preview:-1"},"canonical":"https:\/\/manuelaaresnovias.com\/?page_id=2459","og_locale":"es_ES","og_type":"article","og_title":"Aviso Legal - Manuela Ares Novias","og_description":"MANUELA ARES D\u00cdAZ es titular del sitio web&nbsp;www.manuelaaresnovias.com 1) DATOS IDENTIFICATIVOS: En cumplimiento con el deber de informaci\u00f3n recogido en art\u00edculo 10 de la Ley 34\/2002, de 11 de julio, de Servicios de la Sociedad de la Informaci\u00f3n y del Comercio Electr\u00f3nico, a continuaci\u00f3n, se reflejan los siguientes datos: La empresa titular de este sitio [&hellip;]","og_url":"https:\/\/manuelaaresnovias.com\/?page_id=2459","og_site_name":"Manuela Ares Novias","article_publisher":"https:\/\/www.facebook.com\/profile.php?id=100063573311079","og_image":[{"width":1200,"height":675,"url":"https:\/\/manuelaaresnovias.com\/wp-content\/uploads\/manuela-ares-novia-2024.jpg","type":"image\/jpeg"}],"twitter_card":"summary_large_image","twitter_misc":{"Tiempo de lectura":"6 minutos"},"schema":{"@context":"https:\/\/schema.org","@graph":[{"@type":"WebPage","@id":"https:\/\/manuelaaresnovias.com\/?page_id=2459","url":"https:\/\/manuelaaresnovias.com\/?page_id=2459","name":"Aviso Legal - Manuela Ares Novias","isPartOf":{"@id":"https:\/\/manuelaaresnovias.com\/#website"},"datePublished":"2023-09-19T23:20:16+00:00","breadcrumb":{"@id":"https:\/\/manuelaaresnovias.com\/?page_id=2459#breadcrumb"},"inLanguage":"es","potentialAction":[{"@type":"ReadAction","target":["https:\/\/manuelaaresnovias.com\/?page_id=2459"]}]},{"@type":"BreadcrumbList","@id":"https:\/\/manuelaaresnovias.com\/?page_id=2459#breadcrumb","itemListElement":[{"@type":"ListItem","position":1,"name":"Portada","item":"https:\/\/manuelaaresnovias.com\/"},{"@type":"ListItem","position":2,"name":"Aviso Legal"}]},{"@type":"WebSite","@id":"https:\/\/manuelaaresnovias.com\/#website","url":"https:\/\/manuelaaresnovias.com\/","name":"Manuela Ares Novias","description":"Vestidos de novias, comuni\u00f3n y ceremonia en Lugo","publisher":{"@id":"https:\/\/manuelaaresnovias.com\/#organization"},"potentialAction":[{"@type":"SearchAction","target":{"@type":"EntryPoint","urlTemplate":"https:\/\/manuelaaresnovias.com\/?s={search_term_string}"},"query-input":{"@type":"PropertyValueSpecification","valueRequired":true,"valueName":"search_term_string"}}],"inLanguage":"es"},{"@type":"Organization","@id":"https:\/\/manuelaaresnovias.com\/#organization","name":"Manuela Ares Novias","url":"https:\/\/manuelaaresnovias.com\/","logo":{"@type":"ImageObject","inLanguage":"es","@id":"https:\/\/manuelaaresnovias.com\/#\/schema\/logo\/image\/","url":"https:\/\/manuelaaresnovias.com\/wp-content\/uploads\/logo-manuela-ares.png","contentUrl":"https:\/\/manuelaaresnovias.com\/wp-content\/uploads\/logo-manuela-ares.png","width":213,"height":50,"caption":"Manuela Ares Novias"},"image":{"@id":"https:\/\/manuelaaresnovias.com\/#\/schema\/logo\/image\/"},"sameAs":["https:\/\/www.facebook.com\/profile.php?id=100063573311079","https:\/\/www.instagram.com\/manuelaaresnovias\/","https:\/\/maps.app.goo.gl\/AUbGLmkxvfZ2wTM76"]}]}},"_links":{"self":[{"href":"https:\/\/manuelaaresnovias.com\/index.php?rest_route=\/wp\/v2\/pages\/2459","targetHints":{"allow":["GET"]}}],"collection":[{"href":"https:\/\/manuelaaresnovias.com\/index.php?rest_route=\/wp\/v2\/pages"}],"about":[{"href":"https:\/\/manuelaaresnovias.com\/index.php?rest_route=\/wp\/v2\/types\/page"}],"author":[{"embeddable":true,"href":"https:\/\/manuelaaresnovias.com\/index.php?rest_route=\/wp\/v2\/users\/1"}],"replies":[{"embeddable":true,"href":"https:\/\/manuelaaresnovias.com\/index.php?rest_route=%2Fwp%2Fv2%2Fcomments&post=2459"}],"version-history":[{"count":1,"href":"https:\/\/manuelaaresnovias.com\/index.php?rest_route=\/wp\/v2\/pages\/2459\/revisions"}],"predecessor-version":[{"id":2460,"href":"https:\/\/manuelaaresnovias.com\/index.php?rest_route=\/wp\/v2\/pages\/2459\/revisions\/2460"}],"wp:attachment":[{"href":"https:\/\/manuelaaresnovias.com\/index.php?rest_route=%2Fwp%2Fv2%2Fmedia&parent=2459"}],"curies":[{"name":"wp","href":"https:\/\/api.w.org\/{rel}","templated":true}]}}